lculate the greatest common factor of k and 30.
15
Suppose -4 = -3*c + c. Suppose -c*q + 54 = -126. What is the greatest common factor of q and 18?
18
Let z = 116 - 51. Let u(d) = 13*d. Let w be u(1). What is the greatest common factor of z and w?
13
Let c = 216 - 116. Calculate the greatest common divisor of c and 20.
20
Suppose d = -5*v + 96, 5*v - 3*v - 2*d = 48. Calculate the greatest common factor of 140 and v.
20
Let k be (3/4)/(17/340). Calculate the greatest common factor of 15 and k.
15
Let s be -8*1*(-3)/2. Suppose 3*h = 347 + 76. Let y = h - 33. Calculate the highest common factor of s and y.
12
Suppose -6*a + 2*a + 120 = 0. Calculate the highest common divisor of 20 and a.
10
Suppose -5*n - 2*r + 300 = 0, n - 59 = 5*r + 1. Suppose 2*y = 4*l - n, 0 = 3*l + 8*y - 4*y - 45. What is the greatest common divisor of l and 120?
15
Suppose -9 - 1 = -5*t. Let x(y) = y + 5*y**t - 3 + 2*y**3 + 1 - 1 - 3*y. Let i be x(3). Calculate the highest common divisor of 18 and i.
18
Let v be 2/(-15) + (-11560)/(-75). What is the highest common factor of 22 and v?
22
Let m = 9 - 6. What is the greatest common factor of 3 and m?
3
Let s be 1/((-5)/2)*-10. Suppose w - 24 = -4*t, -2*t = -3*w + t + 132. Calculate the greatest common factor of s and w.
4
Let o(w) = 35*w - 21. Let k be o(7). What is the highest common divisor of k and 28?
28
Let s be 23 + 15 - (-1 - 4). Calculate the greatest common divisor of 172 and s.
43
Let b(u) = -u + 16. Let w be b(4). What is the highest common divisor of w and 30?
6
Suppose l = 6*o - o + 21, -o = 5. Let n(t) = -46*t + 5. Let r be n(l). What is the greatest common divisor of r and 21?
21
Let h = -1 + 2. Let x be 9/(-1 + h - -1). Let d = -121 - -193. Calculate the highest common factor of x and d.
9
Let m be (-1)/(-3 - -2) + 25. Suppose -t = 3*j - m, t + 4*j = 5*t - 40. Calculate the highest common divisor of t and 35.
7
Let t = 13 - 9. Suppose -t*w + 15 = -w. What is the highest common factor of 25 and w?
5
Suppose -s + 440 = 4*s. Suppose 3*d = z - 11, -3*d - 2 = z - 1. Suppose -4*f - 47 = -z*o, o = f - 4*f + 17. What is the greatest common factor of s and o?
11
Suppose -4*c = -7*c + 60. Calculate the highest common divisor of c and 5.
5
Let x(d) = d + 5. Let m be x(0). Suppose -5*p = -m*w + 10, 5*w = w + 4. Let a be p/((-3)/(-9))*-12. What is the greatest common factor of a and 24?
12
Let u(k) = k**2 + 5*k + 10. Let h be u(-4). What is the highest common divisor of 6 and h?
6
Suppose -p + 4*w - 148 = 0, 2*p - 4*w + 276 = -0*p. Let i be (p/(-3))/(1/3). Calculate the greatest common factor of i and 16.
16
Suppose -336 = 4*o - 2*l - 42, -4*o - 4*l - 312 = 0. Let h = -15 - o. What is the highest common factor of 15 and h?
15
Let g(z) be the third derivative of 2*z**5/5 + z**4/8 - z**3/2 + 2*z**2. Let u be g(2). What is the greatest common factor of 11 and u?
11
Let o = 2774 + -1934. Let b be (6/5)/(18/o). Calculate the highest common divisor of b and 8.
8
Suppose -32 = -3*n + 4*c, -6*n + 38 = -n + c. What is the highest common factor of 24 and n?
8
Suppose -5*n - g - 15 = -10*n, -2*n = 4*g - 28. Let s be 5 + 3 + -10 + n. What is the greatest common factor of 18 and s?
2
Let r be 7/(7/2) - -2. Let n(k) = -k**3 + 4*k**2 + 3*k - 3. Let a be n(r). Calculate the greatest common factor of a and 36.
9
Let o = 21 - 15. Let b be 460/o + 2/6. What is the highest common factor of 11 and b?
11
Let n = -1 + 13. Calculate the greatest common divisor of n and 132.
12
Suppose -j - 2*j = -3*n + 12, 5*j + 5 = 2*n. Suppose -5*y = 2*s - 70, -n*y = -3*s + s - 90. What is the highest common factor of y and 16?
16
Let z = 70 - 2. What is the greatest common divisor of z and 51?
17
Let b be 141/11 + 4/22. Suppose 3*t = -15, -y + 6 = -0*y + 4*t. Calculate the highest common factor of b and y.
13
Let f(t) = -t**3 - 6*t**2 + 6*t. Let r be f(-6). Let a be 2/(-9) + 28/r. Let k be 22 + (-5 - (-2 + a)). Calculate the highest common factor of 8 and k.
4
Let m be 10/25 - 1226/(-10). What is the highest common factor of 82 and m?
41
Suppose -v - 18 = -2*j + 12, 2*v = 0. Suppose 0 = -l - j + 60. What is the greatest common factor of 9 and l?
9
Let c(u) = u**2 + 14*u + 4. Let s be c(-15). Calculate the greatest common divisor of 133 and s.
19
Suppose 0 = u + 2*l + 3, -l = -5*l - 4. Let b be 12*u/((-8)/(-6)). Let q be (1 - b)/(-3 - -4). What is the highest common divisor of q and 10?
10
Let z(a) = 24*a**2 - 1. Let l be z(1). Let t = l + 12. What is the highest common divisor of t and 7?
7
Let k(s) = s**3 + 4*s**2 - 6*s + 5. Let n be k(-5). Calculate the greatest common factor of 20 and n.
10
Let a = -1 - -1. Suppose 5*i - 3*i - 84 = a. What is the highest common divisor of 21 and i?
21
Let d be 14*1/(21/18). Let p(y) = -y**2 - 9*y - 8. Let u be p(-4). Calculate the greatest common factor of d and u.
12
Suppose -5 + 1 = 2*l. Let i = 6 + l. Suppose 0*v + i*v - 16 = -2*w, 5*v - 4*w = 33. Calculate the greatest common divisor of 5 and v.
5
Let v be 1*(0 - (-11 + 0)). Let i = v - 6. Let p(y) = -y**3 + 2*y**2 + 4*y + 2. Let w be p(-2). What is the greatest common factor of w and i?
5
Suppose 3*z = n - 6, z + 44 = 4*n - 2. Let b(r) = 7*r**2 + 2*r + 4. Let g be 2 + -5 - (2 + -1). Let i be b(g). Calculate the greatest common divisor of i and n.
12
Let p = 3 + 29. Calculate the highest common divisor of p and 4.
4
Suppose 2*x + 5 = 7*x. Let u be 510/(-34)*2/(-10). What is the highest common factor of u and x?
1
Let v(p) = -p**3 + 10*p**2 - 4*p + 49. Let g be v(5). Suppose -w + 0 = -3. Suppose 41 = 2*j - w. What is the greatest common factor of g and j?
22
Suppose 0 = -m + 3, 6*m = -3*p + m + 21. Suppose r + p = 4. Let i be r/10 - 627/(-15). Calculate the highest common divisor of i and 6.
6
Let s(x) = x**2 - 6. Let r be s(3). What is the highest common factor of 2 and r?
1
Suppose 0 = -5*s + c + 210 + 32, 2*s = 4*c + 104. Calculate the highest common divisor of 32 and s.
16
Suppose -3*o - 60 = -4*m + o, 2*o + 2 = 0. Calculate the greatest common divisor of 126 and m.
14
Suppose 0*j - 4*j = -48. Let l = 37 + -25. Calculate the greatest common factor of j and l.
12
Suppose 44 - 14 = z. What is the highest common factor of z and 6?
6
Let m = -21 - -63. Calculate the greatest common divisor of m and 24.
6
Suppose 0 = -6*h + 9*h - 102. Let f(x) = 13*x**2 + 2*x + 3. Let j be f(-2). What is the greatest common divisor of h and j?
17
Let v(o) = -2*o + 1 + 2*o + o. Suppose -2*m + 5*q = 4*q - 7, 18 = 5*m - 3*q. Let t be v(m). Calculate the highest common factor of t and 12.
4
Let g be 6/(-4)*20/(-6). Suppose -36 = -4*c + 2*r, g = -r + 3. Suppose -c = -n - 2. Calculate the highest common divisor of 6 and n.
6
Suppose h + n - 3*n = 0, 2*h - n = 15. Suppose 2*s - 2 - 11 = 3*g, 0 = -2*g + s - h. Let o be (g/2)/(3/(-60)). Calculate the highest common factor of o and 10.
10
Let w = 27 + -11. Suppose 8*r - 165 = -4*h + 3*r, 5*r = -15. Let s = h + -13. Calculate the highest common factor of w and s.
16
Let s(w) = -w**3 + w**2 + 63. Let i be s(0). What is the highest common factor of i and 21?
21
Let v be (210/8)/((-4)/(-16)). Suppose -82 = -4*n + 10. Let x = -8 + n. Calculate the greatest common factor of x and v.
15
Suppose 5*g + 5*k - 25 = 0, -6*g + 3*g - 2*k = -11. Let r = 0 + 1. What is the highest common divisor of g and r?
1
Let a = -53 - -59. Suppose -126 = -r - 2*r. What is the greatest common factor of a and r?
6
Let i(s) = s**2 + s - 1. Let m(u) = -u**2 + 1. Let n be m(-2). Let z be i(n). Suppose -7*k = -z*k - 42. Calculate the highest common factor of k and 3.
3
Suppose 0 = -5*v - 5 - 0. Let q = v + 4. Suppose -2*f + 680 = q*f. What is the greatest common factor of f and 17?
17
Let n(i) = -i**2 + 5*i + 3. Let f be n(3). Calculate the highest common divisor of f and 63.
9
Suppose 0 = 11*k - 6*k - 390. What is the greatest common divisor of k and 195?
39
Let d = 164 + -367. Let k = -75 - d. Calculate the greatest common factor of k and 16.
16
Let v = 1 + -1. Suppose v = d - 2*d + 19. Calculate the greatest common divisor of 76 and d.
19
Suppose -2*t + 4*t - 4 = 0. Let v(j) = -j**3 + j**2 - j + 2. Let q be v(0). Suppose 0*f = -q*f + 6. Calculate the greatest common factor of t and f.
1
Let v be 22/4 + 1/(-2). Let j be (-4)/(-14) - v/(-7). Let z be (29 - 0/(-1)) + j. Calcula